= i**2 - 6*i - 6. Let r be h(7). Let q(p) = 3*p**3 - p. Let j be q(r). What is the highest common divisor of 3 and j?
1
Let y be (-2180)/(-35) + (-2)/7. Suppose -5*o + 5*g + 43 = -y, g - 67 = -3*o. Calculate the highest common factor of 110 and o.
22
Let q = -9 - 5. Let o be 4/q - 288/(-28). Suppose -26 = -3*m + 4. Calculate the highest common factor of m and o.
10
Let d be (-7)/21 - 700/6. Let f be (2/3)/((-6)/d). What is the greatest common factor of f and 65?
13
Let r(x) = -17*x - 16. Let t be r(-8). Calculate the highest common divisor of t and 15.
15
Let x be (-7)/(-1 - (-1 - 1)). Let f be (1/1 - 0)*x. Let j = 115 + f. Calculate the highest common divisor of 12 and j.
12
Let b(j) be the first derivative of -j**3/3 + 4*j**2 + 2*j - 1. Let p be b(6). Let k be 5004/180 - (6/10)/(-3). Calculate the highest common divisor of k and p.
14
Let c be (-7*4)/((-10)/50). What is the greatest common factor of 20 and c?
20
Let m(o) = -158*o - 3. Let f be m(4). Let k = f - -1179. Suppose 0 = 2*l + 2*l - k. Calculate the greatest common divisor of l and 17.
17
Suppose 0*u - u + 195 = 2*t, 0 = 4*u + 12. Let h be ((-2)/(-1) - 1) + (-21 - -31). What is the highest common divisor of t and h?
11
Let i be -1*4/6*-3. What is the greatest common factor of i and 4?
2
Suppose -2*g + 4*h = -16, -5*g + 5*h + 18 + 17 = 0. Suppose 0 = 2*i - i - g. Calculate the highest common divisor of 66 and i.
6
Suppose -67 = -3*r + 5*n, -r - 4*n = 3*r - 132. Let v = -12 + r. What is the highest common divisor of v and 17?
17
Suppose -p + 0*c + 4*c + 36 = 0, -4*c - 20 = 0. What is the highest common divisor of p and 64?
16
Suppose -28 + 13 = 5*s, 5*s + 139 = k. What is the highest common divisor of k and 31?
31
Let x = -217 + 305. Suppose -2*w = 1 - 45. Calculate the greatest common factor of w and x.
22
Suppose 0 = -2*z + z - 130. Let t be (z/3)/(2/(-3)). Calculate the highest common divisor of 13 and t.
13
Suppose 20 = 3*t + 5. Calculate the greatest common divisor of 40 and t.
5
Let u(z) = z**2 - 7*z + 6. Let v = 2 + 2. Let l be u(v). Let w be 3 + l - 43/(-1). Calculate the greatest common divisor of 8 and w.
8
Let g(z) = -8*z**2 - 3*z. Let n(w) = -25*w**2 - 10*w. Let h(s) = -10*g(s) + 3*n(s). Let v be h(-1). Calculate the greatest common factor of v and 35.
5
Let q be 4/6 + 2310/45. Calculate the greatest common divisor of q and 13.
13
Let k(a) = -a**2 - 6*a + 10. Let p be k(-5). What is the highest common divisor of p and 60?
15
Suppose 5*c = -2*y + 45, 6*c = 3*y + 3*c - 57. Calculate the highest common divisor of y and 8.
4
Suppose -17*n + 16*n = -6. Calculate the highest common factor of n and 27.
3
Suppose 10 = -5*x, -2*x = -2*c - 7*x - 6. Let z be (9*c)/(2/3). What is the greatest common divisor of 9 and z?
9
Suppose 0 = -7*s + 3*s - 4*r + 32, 0 = -4*s - 5*r + 37. Let q(u) = -u**3 + 4*u**2 + 3*u + 13. Let j be q(5). What is the highest common factor of s and j?
3
Let b = -13 + 48. Suppose q + 42 = 5*r + 3*q, -5*q = -5*r + b. Calculate the greatest common divisor of r and 1.
1
Suppose -11 = -4*i + 5. Calculate the highest common divisor of 3 and i.
1
Let q(i) = -i**2 + 9*i - 2. Let g be q(8). Let t be -5*-1*g/5. Calculate the highest common factor of 6 and t.
6
Let v(n) = n**2 + 8*n + 5. Let j be v(-7). Let z be j - (-3)/(-4 + 1). Let q be (1/1)/(z/(-12)). What is the greatest common divisor of 8 and q?
4
Suppose -60 = -4*b + 52. Suppose j = 2*s + 13, 4*s - 3*s + 24 = 3*j. Calculate the greatest common divisor of b and j.
7
Let b(t) = -t**2 + 3*t + 7. Let a be b(5). Let w be (a/(-6))/((-1)/(-56)). Calculate the highest common divisor of 4 and w.
4
Let t be 46/8 + (-1)/(-4). Let z(f) = 3*f**2 + 1. Let v be z(1). Suppose 82 = x + v*o, 0*o - 3*o + 342 = 5*x. Calculate the greatest common factor of x and t.
6
Let u be -1*1/1 + 15. Let i be u*(-1 + (-39)/(-21)). What is the greatest common factor of 12 and i?
12
Let w(b) = 4*b**2 + 3*b - 1. Let c be w(-3). What is the highest common factor of 234 and c?
26
Let i = 0 - -5. Suppose 5*l - 5 - i = 0. Calculate the highest common divisor of 10 and l.
2
Let d(i) = -2*i + 5. Let l be d(4). Let v(h) = h**2 + 2*h + 1. Let r be v(l). Calculate the highest common factor of r and 10.
2
Let a(h) = -2*h + 14. Let d be a(6). Suppose 5*s - 17 = -d. Let w = 92 + -65. Calculate the highest common factor of w and s.
3
Let d(t) = -t**2 + 27. Let r be d(0). Suppose -u + 216 = -0*u. Calculate the greatest common divisor of r and u.
27
Suppose 2*h = i + 93, 50 = 4*h - 3*i - 139. What is the greatest common divisor of 180 and h?
45
Suppose -2*c + 302 = -4*k, 0 = -2*c - 5*k + 109 + 157. What is the greatest common divisor of c and 26?
13
Suppose -1364 = -4*j - 4*x, j - 2*j + 331 = -4*x. Let s = j + -119. Calculate the greatest common divisor of 20 and s.
20
Let w(x) = -x**2 - 7*x. Let z be w(-6). Let n be 902/7 + (-5)/(-35). Let k = 195 - n. Calculate the greatest common divisor of k and z.
6
Let g = 34 - 26. Calculate the greatest common factor of 64 and g.
8
Let t be ((-12)/42)/(1/(-7)). What is the greatest common divisor of 2 and t?
2
Let f(t) be the first derivative of 50*t**2 + 4. Let k be f(1). Calculate the greatest common factor of k and 25.
25
Let y be 554/10 + (-2)/5. Let l(n) = 2*n**3 - n**3 + 2*n**2 + 5*n**2 - 4*n - 6. Let z be l(-7). Calculate the highest common factor of z and y.
11
Suppose -3*t + 5 = -4*r - 0, 5*r = 3*t - 4. Suppose -4*z = -l - 45, 0 = 2*z - 4*z - t*l + 5. What is the highest common factor of 4 and z?
2
Suppose 0 = 5*s + 34 - 229. Suppose 2*p + s = 4*r - 1, 0 = 3*r + 2*p - 30. Calculate the greatest common divisor of r and 10.
10
Suppose 3*a - 5 = -2. Let z(x) = 15*x**2 - 1. Let i be z(a). What is the highest common divisor of i and 21?
7
Let m be 3/(9/(-30)) - -1. Let l = m - -19. Calculate the highest common divisor of l and 20.
10
Let j(v) = -v**2 - 18*v + 20. Let r be j(-16). What is the highest common factor of 4 and r?
4
Let r(a) = 19*a + 7. Let u = -15 + 11. Let k be 6/u*2*-2. Let y be r(k). Calculate the greatest common factor of 11 and y.
11
Suppose -2*v + 52 = s - 0*v, 0 = -3*s - 3*v + 171. What is the highest common factor of s and 155?
31
Let i(b) = 2*b + 14. Let j be i(7). Calculate the highest common factor of 4 and j.
4
Let l be (-4)/8*-14 + -4. Calculate the greatest common factor of 21 and l.
3
Let w = 833 + -593. Suppose 0 = a + 4*a - w. Let s = 0 + 6. Calculate the highest common divisor of s and a.
6
Let z be (-71)/(-4) - 1/(-4). Let x(m) = -m**2 - 19*m - 16. Suppose 5*a - 8*a = 24. Let b be x(a). Calculate the highest common factor of z and b.
18
Let k be -8 + 2*3/(-6). Let r(u) be the first derivative of u**3/3 + 2*u**2 + 1. Let f be r(k). What is the highest common divisor of f and 15?
15
Suppose 94 = 4*o + 3*z, o - 16 = 2*z + 2. What is the greatest common divisor of 11 and o?
11
Let t(h) be the first derivative of 1 + 6*h - 17/2*h**2. Let b be t(-5). What is the highest common factor of b and 13?
13
Suppose 5*v - 235 = -4*s, 4*s - 2*v = 2*v + 244. What is the highest common divisor of 40 and s?
20
Let w be 12 - (-4 - (-8 - -1)). What is the highest common divisor of w and 1?
1
Let w(p) = -14*p**3 + p**2 + 3*p + 2. Let n(f) = -f**2 - 7*f - 8. Let d be n(-6). Let u be w(d). What is the greatest common factor of u and 14?
14
Let z = 14 + 91. Let j(b) = 3*b**3 - 2*b**2 - 1. Let w be j(2). What is the greatest common factor of z and w?
15
Suppose 4*t - 216 = 3*b, t - 54 = -8*b + 7*b. What is the greatest common divisor of 135 and t?
27
Suppose j = -l - 34, 26 = -0*j - j - 5*l. Suppose 74 = d + 5*p, -2*d - d = -3*p - 204. Let m = j + d. Calculate the highest common factor of m and 3.
3
Let d be (-12)/(-3)*(-3)/(-6). Suppose 5*f = -5*i + 65, d*f + f = -6. What is the highest common divisor of 165 and i?
15
Let b = -32 + 34. What is the greatest common factor of 2 and b?
2
Let o(x) = -x**3 - 6*x**2 - x - 4. Let z be o(-6). Suppose 0 = -4*m - 4*c + 228, 3*c = 3*m + z*m - 261. Calculate the greatest common divisor of m and 135.
27
Let i(f) = f**2 + 5*f + 5. Let g be i(-5). Let c = g - 3. Suppose 8 = c*q + 3*y, -3*y + y = 4. What is the highest common factor of q and 1?
1
Let m be (22 - -1)*1 - 0. Suppose 5*s + 7 + m = 0. Let r(g) = g**2 + 4*g + 8. Let o be r(s). Calculate the greatest common divisor o